n divisor of 6 and p.
2
Let f = 3 - -5. Let k = -269 - -301. Suppose -4*a - t + 128 = 0, -11*a + 2*t + k = -10*a. What is the greatest common divisor of f and a?
8
Let w = -2270 - -3180. What is the highest common divisor of 390 and w?
130
Let h(l) = -2*l**3 - 192*l**2 + 390*l - 103. Let a be h(-98). Calculate the greatest common divisor of 124 and a.
31
Let w = -3147 + 3384. What is the greatest common divisor of 5293 and w?
79
Suppose 15*h = a + 16*h - 28, -4*a + 136 = -2*h. Suppose -2*u + 53 = 15*s - 10*s, -a = -2*u + 2*s. What is the highest common factor of u and 1?
1
Suppose 39 - 888 = -3*y. Suppose -5*x + y = 13. Calculate the highest common factor of 18 and x.
18
Suppose -4*n - 1336 + 56 = 0. Let p = -300 - n. What is the highest common divisor of 100 and p?
20
Let n = -4373 - -4389. Let d = 4 + 1. Suppose 2*h + 2*y = 160, d*h - 237 = -2*y + 163. Calculate the greatest common factor of n and h.
16
Suppose -25 = -8*z + 3*z, -5*j = -2*z. Suppose -j*s - 5*c + 1 = 0, -2*s + 26 + 5 = -c. What is the highest common factor of 26 and s?
13
Let n be 5/3*(-630)/1125*300/(-35). Let k be 0 + 1 + -1 - -4. Calculate the highest common divisor of k and n.
4
Suppose -5*x = -3*u - 105, 0 = 22*x - 24*x + 4*u + 28. Calculate the greatest common factor of 112 and x.
8
Let o = 231400 - 231312. Suppose 3*p + 94 = 5*y, 4*p + 16 = y + 4. Suppose 420 = 2*s - y. Calculate the highest common divisor of s and o.
44
Let j(c) = -32*c**3 + 2*c**2 + 9*c - 66. Let v be j(-8). What is the greatest common factor of v and 6?
6
Suppose -5*s + 6522 + 20442 = 2*k, 5*k + 4*s = 67342. What is the greatest common factor of k and 508?
254
Suppose -11288 = -9*g - 344. Calculate the highest common divisor of g and 19.
19
Let k(n) = -10*n**2 + 68*n - 81. Let a be k(5). Suppose 2*t = -p + 298, p + 0*p - 283 = t. Calculate the greatest common divisor of p and a.
9
Let b(y) = 20*y**2 + 1482*y + 248. Let j be b(-74). Let o(m) = 6*m**2 + 6*m - 5. Let s be o(-6). What is the greatest common divisor of s and j?
25
Suppose 2*q + 9*u - 69 = 8*u, -3 = -u. Calculate the highest common factor of q and 30921.
33
Let a = -22260 - -22418. Calculate the greatest common divisor of a and 7979.
79
Let p(j) = -5*j - 191. Let h be p(-13). Let y = 214 + h. Let d(m) = -m**3 + 4*m**2 + m - 1. Let x be d(3). Calculate the greatest common divisor of y and x.
11
Let v = -12 - -90. Suppose -10*x = -11*x. Suppose x*b + 26 = b. What is the highest common factor of v and b?
26
Let w be 450/(-250)*25/(-3). Let x be 1382/10 - w/75. Calculate the highest common factor of x and 46.
46
Let g(l) = -134*l + 4023. Let q be g(0). Calculate the highest common divisor of 54 and q.
27
Let z(d) = 6*d**2 - 29*d + 4. Let g be z(8). Suppose 14*m - 11*m = 18. What is the greatest common divisor of m and g?
6
Let c be 1/2 + 206/4. Let z(s) = -6*s - 13. Let a be z(-2). Let u(q) = 10*q**2 - q + 2. Let g be u(a). What is the greatest common divisor of g and c?
13
Let l(g) = -3*g**2 - g + 34. Let p = -9 - -9. Let u be l(p). Calculate the highest common divisor of u and 119.
17
Let d(v) = v**3 - 211*v**2 - 1986*v + 18. Let o be d(-9). Calculate the greatest common factor of o and 8676.
36
Let g(k) = -2*k**2 - 4*k. Let j be g(-2). Suppose j = -2*n - 209 + 499. Calculate the greatest common divisor of 29 and n.
29
Let w be 0/(-17) - (-20 - 2). Suppose -w = -5*j + 83. Calculate the greatest common divisor of 21 and j.
21
Let m be (-7)/(-28) + 5 + 42/24. What is the greatest common divisor of 3598 and m?
7
Let s(p) = 19*p**3 + 4*p**2 - 39*p + 264. Let c be s(7). What is the highest common factor of c and 16?
16
Suppose t + 434 = -k + 622, 4*t + 2*k = 754. Let f(o) = o**3 + o + 81. Let w be f(0). What is the highest common divisor of t and w?
27
Suppose 5*w = -3*q + 712 - 617, 105 = 5*w + 5*q. What is the greatest common divisor of w and 1808?
16
Let t(o) = -4*o + 42. Let h be t(10). Suppose -h*r = 2*c + 2, 2*r = 2*c + 2*c - 20. Suppose -240 = c*s - 8*s. Calculate the greatest common divisor of 36 and s.
12
Suppose 44 + 96 = 4*a. Suppose 18*z = a*z - 340. Calculate the highest common divisor of 1780 and z.
20
Suppose -p + n = -33 - 253, 0 = -2*p - n + 560. Calculate the greatest common factor of p and 658.
94
Let l be ((-84)/(-8))/(8058/(-896) - -9). Calculate the greatest common factor of l and 49.
49
Suppose -4*g + 394 - 318 = 0. Let a be ((-10)/(-35))/((-2)/(-14)). Suppose -2*k = a*k - 76. Calculate the highest common divisor of g and k.
19
Let v = 324 + -544. Let h be v/(-14) - 8/(-28). Suppose -3*d = 3*l - 132, 13 = 5*l - 3*d - 239. What is the highest common factor of h and l?
16
Let y be ((-15)/10)/((-6)/68). Suppose 43 = 15*o - y. Suppose u - 4*n - 72 = 0, o*u + 3*n - 270 = 113. Calculate the greatest common divisor of u and 23.
23
Let q(u) = 528*u + 316. Let n be q(10). Suppose 12*o - n = 6500. Calculate the highest common factor of o and 48.
48
Suppose -2*q = 2*n - 28 + 10, 5*n + q - 57 = 0. Let r be (338/n - 29/174) + 3. Calculate the highest common divisor of r and 1643.
31
Let z = 29976 + -29940. Calculate the greatest common divisor of z and 13164.
12
Let b = -65 + -664. Let h = b + 744. What is the highest common factor of 80 and h?
5
Suppose -2*g + n = 2*g - 16, 4 = n. Suppose 0 = j + g*d - 44, -3*d + 8 + 7 = 0. Calculate the highest common divisor of 323 and j.
19
Let f be (-3)/(-4) - ((-100)/16 + 2). Suppose -80*l + f = -79*l. Let t(w) = w**2 + 2*w - 10. Let x be t(l). What is the highest common factor of 75 and x?
25
Let x be ((-57)/(-2)*-2)/(-1). Let z = x - 34. What is the greatest common factor of 23 and z?
23
Let g = -15530 - -16190. Calculate the highest common divisor of g and 396.
132
Suppose 43 = 5*j - 4*q - 124, -2*j = -2*q - 66. Suppose -3*t - 40 + 145 = 0. Calculate the greatest common factor of j and t.
35
Let m = 478 - 448. Suppose h = 2*h + 4*t - 173, 5*h + 2*t - 829 = 0. What is the greatest common divisor of h and m?
15
Let u(h) = -h**2 - 18*h - 62. Let b be u(-8). Let n(g) = -g**3 - 7*g**2 - 5*g + 8. Let t be n(-6). What is the greatest common factor of b and t?
2
Let a(k) = k**2 + 2*k - 7. Suppose 7*f - 4*f + 12 = 0. Let u be a(f). Let v be (0 + 1)*1*(-1)/(-1). Calculate the highest common divisor of v and u.
1
Let i(k) = 164*k**2 + 58*k - 373. Let s be i(5). Calculate the greatest common divisor of s and 721.
103
Let o = 3481 + -2374. What is the highest common factor of 328 and o?
41
Let p = -132 - -207. Let o(b) = 2*b**2 + 23*b + 58. Let s be o(-8). Suppose -2*q - s*q + 100 = 0. What is the greatest common factor of p and q?
25
Let w be (8/(-6))/((-4)/12). Let s be (4/(-1) - -4)/(-1) + w. Calculate the greatest common divisor of 8 and s.
4
Suppose 0*a - 5*a = -4*c + 61, -4*c = -a - 73. Let h be (2 + -4)*7220/(-40). What is the highest common divisor of h and c?
19
Let b = 179 - -47. Suppose -b*c + 2940 = -222*c. What is the highest common factor of c and 49?
49
Suppose 9 - 308 = -28*q + 5*q. Suppose 8 = -4*h + 2*h. Let m be -1 + h/6*-21. What is the highest common divisor of m and q?
13
Let p be (-4 - -1)*11/((-66)/(-376)). Let v = p - -257. What is the greatest common divisor of 92 and v?
23
Let p(m) = -68*m**3 + m**2 + 2*m + 2. Let o = 50 + -51. Let h be p(o). Suppose -21 + h = 4*f. What is the greatest common factor of f and 108?
12
Let n = -1441 - -1464. What is the greatest common divisor of n and 2507?
23
Suppose -4*l - 1328 = 248. Let w = l - -494. What is the highest common factor of w and 30?
10
Let a be 19520/(-480)*(2 + -5 - 3). What is the greatest common factor of a and 8906?
122
Let c = 27 - -71. Let g = 611 + -597. Calculate the greatest common divisor of c and g.
14
Let l(w) = 117*w**2 + 276*w + 1399. Let x be l(-5). What is the greatest common factor of 920 and x?
184
Let u(n) = -7 + 8*n**2 - 4*n - 4*n - 4 - 6 - n**3. Let i be u(4). What is the highest common divisor of 195 and i?
15
Let t(j) be the third derivative of 0 + 1/8*j**4 + 1/60*j**5 + 0*j - 33*j**2 + 2/3*j**3. Let b be t(9). Calculate the highest common divisor of b and 16.
16
Let h(n) = -50*n**3 - n**2 + 5*n + 3. Let o be h(-2). Calculate the greatest common factor of 3 and o.
1
Suppose 5*i = 7 - 37, 5*l = 3*i + 1938. What is the highest common factor of 864 and l?
96
Suppose 2*p = -0*w - 2*w + 6, 5*p = w + 15. Let 